{"id":36,"date":"2022-02-15T18:23:54","date_gmt":"2022-02-15T18:23:54","guid":{"rendered":"https:\/\/plataforma.apifutebol.com\/?page_id=36"},"modified":"2022-02-15T18:23:54","modified_gmt":"2022-02-15T18:23:54","slug":"pagina-de-exemplo","status":"publish","type":"page","link":"https:\/\/plataforma.apifutebol.com\/ba_ba\/pagina-de-exemplo\/","title":{"rendered":"P\u00e1gina de exemplo"},"content":{"rendered":"<p>Evidentemente, a expans\u00e3o dos mercados mundiais talvez venha a ressaltar a relatividade do sistema de participa\u00e7\u00e3o geral. O que temos que ter sempre em mente \u00e9 que o in\u00edcio da atividade geral de forma\u00e7\u00e3o de atitudes maximiza as possibilidades por conta dos n\u00edveis de motiva\u00e7\u00e3o departamental. Todavia, a crescente influ\u00eancia da m\u00eddia cumpre um papel essencial na formula\u00e7\u00e3o dos m\u00e9todos utilizados na avalia\u00e7\u00e3o de resultados. Caros amigos, a necessidade de renova\u00e7\u00e3o processual assume importantes posi\u00e7\u00f5es no estabelecimento das diversas correntes de pensamento. Acima de tudo, \u00e9 fundamental ressaltar que a revolu\u00e7\u00e3o dos costumes acarreta um processo de reformula\u00e7\u00e3o e moderniza\u00e7\u00e3o dos \u00edndices pretendidos.<\/p>\n<p>Percebemos, cada vez mais, que a valoriza\u00e7\u00e3o de fatores subjetivos exige a precis\u00e3o e a defini\u00e7\u00e3o do remanejamento dos quadros funcionais. Do mesmo modo, a determina\u00e7\u00e3o clara de objetivos prepara-nos para enfrentar situa\u00e7\u00f5es at\u00edpicas decorrentes do investimento em reciclagem t\u00e9cnica. \u00c9 importante questionar o quanto o aumento do di\u00e1logo entre os diferentes setores produtivos possibilita uma melhor vis\u00e3o global das novas proposi\u00e7\u00f5es. Pensando mais a longo prazo, o comprometimento entre as equipes estimula a padroniza\u00e7\u00e3o dos modos de opera\u00e7\u00e3o convencionais.<\/p>\n<p><img loading=\"lazy\" decoding=\"async\" class=\"alignnone size-full wp-image-37\" src=\"https:\/\/plataforma.apifutebol.com\/wp-content\/uploads\/2022\/02\/banner.jpg\" alt=\"\" width=\"1200\" height=\"600\" srcset=\"https:\/\/plataforma.apifutebol.com\/wp-content\/uploads\/2022\/02\/banner.jpg 1200w, https:\/\/plataforma.apifutebol.com\/wp-content\/uploads\/2022\/02\/banner-300x150.jpg 300w, https:\/\/plataforma.apifutebol.com\/wp-content\/uploads\/2022\/02\/banner-1024x512.jpg 1024w, https:\/\/plataforma.apifutebol.com\/wp-content\/uploads\/2022\/02\/banner-768x384.jpg 768w, https:\/\/plataforma.apifutebol.com\/wp-content\/uploads\/2022\/02\/banner-600x300.jpg 600w\" sizes=\"auto, (max-width: 1200px) 100vw, 1200px\" \/><\/p>\n<p>Podemos j\u00e1 vislumbrar o modo pelo qual a hegemonia do ambiente pol\u00edtico afeta positivamente a correta previs\u00e3o do processo de comunica\u00e7\u00e3o como um todo. Por conseguinte, a ado\u00e7\u00e3o de pol\u00edticas descentralizadoras garante a contribui\u00e7\u00e3o de um grupo importante na determina\u00e7\u00e3o do sistema de forma\u00e7\u00e3o de quadros que corresponde \u00e0s necessidades. Assim mesmo, o fen\u00f4meno da Internet \u00e9 uma das consequ\u00eancias da gest\u00e3o inovadora da qual fazemos parte.<\/p>\n<h3>T\u00edtulo de exemplo<\/h3>\n<p>No entanto, n\u00e3o podemos esquecer que a expans\u00e3o dos mercados mundiais representa uma abertura para a melhoria das posturas dos \u00f3rg\u00e3os dirigentes com rela\u00e7\u00e3o \u00e0s suas atribui\u00e7\u00f5es. A n\u00edvel organizacional, a mobilidade dos capitais internacionais aponta para a melhoria das regras de conduta normativas. Podemos j\u00e1 vislumbrar o modo pelo qual a estrutura atual da organiza\u00e7\u00e3o prepara-nos para enfrentar situa\u00e7\u00f5es at\u00edpicas decorrentes da gest\u00e3o inovadora da qual fazemos parte. Caros amigos, a cont\u00ednua expans\u00e3o de nossa atividade assume importantes posi\u00e7\u00f5es no estabelecimento de todos os recursos funcionais envolvidos. No entanto, n\u00e3o podemos esquecer que a expans\u00e3o dos mercados mundiais representa uma abertura para a melhoria das posturas dos \u00f3rg\u00e3os dirigentes com rela\u00e7\u00e3o \u00e0s suas atribui\u00e7\u00f5es. A n\u00edvel organizacional, a mobilidade dos capitais internacionais aponta para a melhoria das regras de conduta normativas. Podemos j\u00e1 vislumbrar o modo pelo qual a estrutura atual da organiza\u00e7\u00e3o prepara-nos para enfrentar situa\u00e7\u00f5es at\u00edpicas decorrentes da gest\u00e3o inovadora da qual fazemos parte. Caros amigos, a cont\u00ednua expans\u00e3o de nossa atividade assume importantes posi\u00e7\u00f5es no estabelecimento de todos os recursos funcionais envolvidos.<\/p>\n<p>No entanto, n\u00e3o podemos esquecer que a expans\u00e3o dos mercados mundiais representa uma abertura para a melhoria das posturas dos \u00f3rg\u00e3os dirigentes com rela\u00e7\u00e3o \u00e0s suas atribui\u00e7\u00f5es. A n\u00edvel organizacional, a mobilidade dos capitais internacionais aponta para a melhoria das regras de conduta normativas. Podemos j\u00e1 vislumbrar o modo pelo qual a estrutura atual da organiza\u00e7\u00e3o prepara-nos para enfrentar situa\u00e7\u00f5es at\u00edpicas decorrentes da gest\u00e3o inovadora da qual fazemos parte. Caros amigos, a cont\u00ednua expans\u00e3o de nossa atividade assume importantes posi\u00e7\u00f5es no estabelecimento de todos os recursos funcionais envolvidos.<\/p>","protected":false},"excerpt":{"rendered":"<p>Evidentemente, a expans\u00e3o dos mercados mundiais talvez venha a ressaltar a relatividade do sistema de participa\u00e7\u00e3o geral. O que temos [&hellip;]<\/p>","protected":false},"author":1,"featured_media":0,"parent":0,"menu_order":0,"comment_status":"closed","ping_status":"closed","template":"","meta":{"_acf_changed":false,"inline_featured_image":false,"footnotes":""},"class_list":["post-36","page","type-page","status-publish","hentry"],"acf":[],"_links":{"self":[{"href":"https:\/\/plataforma.apifutebol.com\/ba_ba\/wp-json\/wp\/v2\/pages\/36","targetHints":{"allow":["GET"]}}],"collection":[{"href":"https:\/\/plataforma.apifutebol.com\/ba_ba\/wp-json\/wp\/v2\/pages"}],"about":[{"href":"https:\/\/plataforma.apifutebol.com\/ba_ba\/wp-json\/wp\/v2\/types\/page"}],"author":[{"embeddable":true,"href":"https:\/\/plataforma.apifutebol.com\/ba_ba\/wp-json\/wp\/v2\/users\/1"}],"replies":[{"embeddable":true,"href":"https:\/\/plataforma.apifutebol.com\/ba_ba\/wp-json\/wp\/v2\/comments?post=36"}],"version-history":[{"count":1,"href":"https:\/\/plataforma.apifutebol.com\/ba_ba\/wp-json\/wp\/v2\/pages\/36\/revisions"}],"predecessor-version":[{"id":38,"href":"https:\/\/plataforma.apifutebol.com\/ba_ba\/wp-json\/wp\/v2\/pages\/36\/revisions\/38"}],"wp:attachment":[{"href":"https:\/\/plataforma.apifutebol.com\/ba_ba\/wp-json\/wp\/v2\/media?parent=36"}],"curies":[{"name":"wp","href":"https:\/\/api.w.org\/{rel}","templated":true}]}}

Página de exemplo

<p>Evidentemente, a expansão dos mercados mundiais talvez venha a ressaltar a relatividade do sistema de participação geral. O que temos que ter sempre em mente é que o início da atividade geral de formação de atitudes maximiza as possibilidades por conta dos níveis de motivação departamental. Todavia, a crescente influência da mídia cumpre um papel essencial na formulação dos métodos utilizados na avaliação de resultados. Caros amigos, a necessidade de renovação processual assume importantes posições no estabelecimento das diversas correntes de pensamento. Acima de tudo, é fundamental ressaltar que a revolução dos costumes acarreta um processo de reformulação e modernização dos índices pretendidos.</p>
<p>Percebemos, cada vez mais, que a valorização de fatores subjetivos exige a precisão e a definição do remanejamento dos quadros funcionais. Do mesmo modo, a determinação clara de objetivos prepara-nos para enfrentar situações atípicas decorrentes do investimento em reciclagem técnica. É importante questionar o quanto o aumento do diálogo entre os diferentes setores produtivos possibilita uma melhor visão global das novas proposições. Pensando mais a longo prazo, o comprometimento entre as equipes estimula a padronização dos modos de operação convencionais.</p>
<p><img loading="lazy" decoding="async" class="alignnone size-full wp-image-37" src="https://plataforma.apifutebol.com/wp-content/uploads/2022/02/banner.jpg" alt="" width="1200" height="600" srcset="https://plataforma.apifutebol.com/wp-content/uploads/2022/02/banner.jpg 1200w, https://plataforma.apifutebol.com/wp-content/uploads/2022/02/banner-300x150.jpg 300w, https://plataforma.apifutebol.com/wp-content/uploads/2022/02/banner-1024x512.jpg 1024w, https://plataforma.apifutebol.com/wp-content/uploads/2022/02/banner-768x384.jpg 768w, https://plataforma.apifutebol.com/wp-content/uploads/2022/02/banner-600x300.jpg 600w" sizes="auto, (max-width: 1200px) 100vw, 1200px" /></p>
<p>Podemos já vislumbrar o modo pelo qual a hegemonia do ambiente político afeta positivamente a correta previsão do processo de comunicação como um todo. Por conseguinte, a adoção de políticas descentralizadoras garante a contribuição de um grupo importante na determinação do sistema de formação de quadros que corresponde às necessidades. Assim mesmo, o fenômeno da Internet é uma das consequências da gestão inovadora da qual fazemos parte.</p>
<h3>Título de exemplo</h3>
<p>No entanto, não podemos esquecer que a expansão dos mercados mundiais representa uma abertura para a melhoria das posturas dos órgãos dirigentes com relação às suas atribuições. A nível organizacional, a mobilidade dos capitais internacionais aponta para a melhoria das regras de conduta normativas. Podemos já vislumbrar o modo pelo qual a estrutura atual da organização prepara-nos para enfrentar situações atípicas decorrentes da gestão inovadora da qual fazemos parte. Caros amigos, a contínua expansão de nossa atividade assume importantes posições no estabelecimento de todos os recursos funcionais envolvidos. No entanto, não podemos esquecer que a expansão dos mercados mundiais representa uma abertura para a melhoria das posturas dos órgãos dirigentes com relação às suas atribuições. A nível organizacional, a mobilidade dos capitais internacionais aponta para a melhoria das regras de conduta normativas. Podemos já vislumbrar o modo pelo qual a estrutura atual da organização prepara-nos para enfrentar situações atípicas decorrentes da gestão inovadora da qual fazemos parte. Caros amigos, a contínua expansão de nossa atividade assume importantes posições no estabelecimento de todos os recursos funcionais envolvidos.</p>
<p>No entanto, não podemos esquecer que a expansão dos mercados mundiais representa uma abertura para a melhoria das posturas dos órgãos dirigentes com relação às suas atribuições. A nível organizacional, a mobilidade dos capitais internacionais aponta para a melhoria das regras de conduta normativas. Podemos já vislumbrar o modo pelo qual a estrutura atual da organização prepara-nos para enfrentar situações atípicas decorrentes da gestão inovadora da qual fazemos parte. Caros amigos, a contínua expansão de nossa atividade assume importantes posições no estabelecimento de todos os recursos funcionais envolvidos.</p>

<p>Evidentemente, a expansão dos mercados mundiais talvez venha a ressaltar a relatividade do sistema de participação geral. O que temos [&hellip;]</p>
